, 3, 17, 134077
What are the prime factors of 693412569?
3, 751, 11399
List the prime factors of 32243152.
2, 17, 19, 367
What are the prime factors of 2275660382?
2, 47, 24209153
What are the prime factors of 4022693769?
3, 491, 2730953
What are the prime factors of 806271970?
2, 5, 7, 41, 67, 599
List the prime factors of 102867535.
5, 89, 271, 853
What are the prime factors of 2484971043?
3, 227, 3649003
What are the prime factors of 395207769?
3, 11, 11975993
What are the prime factors of 92212085?
5, 7, 2634631
List the prime factors of 2044548417.
3, 59, 11551121
List the prime factors of 98770141.
349, 283009
List the prime factors of 33470635.
5, 11, 23, 26459
What are the prime factors of 18734891?
7, 251, 10663
What are the prime factors of 168948703?
7, 11, 17, 19, 6793
List the prime factors of 1828810032.
2, 3, 7, 31, 337, 521
What are the prime factors of 54734554?
2, 7, 19, 149, 1381
What are the prime factors of 16145941?
7, 43, 79, 97
List the prime factors of 1161434669.
269, 4317601
List the prime factors of 290823566.
2, 11, 13219253
List the prime factors of 1083838996.
2, 1733, 156353
List the prime factors of 42525611.
1429, 29759
What are the prime factors of 1653077513?
1653077513
List the prime factors of 1104307387.
229, 239, 20177
What are the prime factors of 49965900?
2, 3, 5, 151, 1103
What are the prime factors of 1442401916?
2, 5647, 63857
List the prime factors of 45118247.
45118247
List the prime factors of 24479557.
24479557
List the prime factors of 340372906.
2, 23, 7399411
List the prime factors of 25687925.
5, 691, 1487
What are the prime factors of 84034152?
2, 3, 389047
What are the prime factors of 761053045?
5, 4421, 34429
What are the prime factors of 800385736?
2, 100048217
What are the prime factors of 1750664058?
2, 3, 11, 13, 185491
What are the prime factors of 20923456?
2, 43, 7603
List the prime factors of 56897555.
5, 11, 13, 17, 31, 151
List the prime factors of 148438182.
2, 3, 23, 29, 1279
List the prime factors of 2839172641.
19, 1171, 127609
What are the prime factors of 842018253?
3, 317, 885403
What are the prime factors of 912319171?
25771, 35401
List the prime factors of 877029548.
2, 43, 5099009
List the prime factors of 3278090.
2, 5, 327809
What are the prime factors of 117024867?
3, 811, 16033
List the prime factors of 112654280.
2, 5, 71, 39667
What are the prime factors of 99865950?
2, 3, 5, 665773
What are the prime factors of 357713218?
2, 17, 53, 11677
What are the prime factors of 26065185?
3, 5, 1737679
List the prime factors of 176310589.
7, 13, 811, 2389
What are the prime factors of 863777529?
3, 95975281
What are the prime factors of 52608720?
2, 3, 5, 19, 83, 139
What are the prime factors of 338922612?
2, 3, 7, 192133
What are the prime factors of 132289395?
3, 5, 7, 1259899
What are the prime factors of 503741596?
2, 125935399
What are the prime factors of 58846424?
2, 7, 13, 80833
List the prime factors of 35517882.
2, 3, 59, 100333
List the prime factors of 117237226.
2, 31, 1890923
List the prime factors of 871136269.
43, 20258983
List the prime factors of 184983135.
3, 5, 23, 131, 4093
List the prime factors of 631702076.
2, 101, 1563619
What are the prime factors of 142997382?
2, 3, 11, 19, 38011
What are the prime factors of 99232488?
2, 3, 23, 31, 1933
List the prime factors of 3923653490.
2, 5, 23, 17059363
What are the prime factors of 418157036?
2, 11, 139, 68371
List the prime factors of 8470889964.
2, 3, 37, 113, 167, 337
What are the prime factors of 16800694?
2, 83, 101209
What are the prime factors of 47370029?
7, 197, 34351
What are the prime factors of 39431013?
3, 1291, 10181
List the prime factors of 1332710029.
7, 131, 1453337
List the prime factors of 1660279424.
2, 12970933
What are the prime factors of 150292415?
5, 7, 13, 330313
What are the prime factors of 1444141916?
2, 7, 293, 25147
What are the prime factors of 203780246?
2, 101890123
What are the prime factors of 1046303284?
2, 13, 17, 47, 25183
List the prime factors of 2342677252.
2, 1321, 443353
What are the prime factors of 91549400?
2, 5, 167, 2741
What are the prime factors of 3378375879?
3, 1126125293
What are the prime factors of 300371791?
107, 2807213
List the prime factors of 588584457.
3, 83, 97, 8123
List the prime factors of 1101277830.
2, 3, 5, 36709261
What are the prime factors of 158387052?
2, 3, 13198921
What are the prime factors of 1087234548?
2, 3, 90602879
List the prime factors of 1124991794.
2, 83, 107, 63337
What are the prime factors of 162398148?
2, 3, 11, 53, 139, 167
List the prime factors of 33275800.
2, 5, 17, 9787
What are the prime factors of 199277511?
3, 66425837
List the prime factors of 311237485.
5, 13, 79, 60611
List the prime factors of 512990623.
17, 30175919
List the prime factors of 193622461.
193622461
What are the prime factors of 41972478?
2, 3, 443, 15791
List the prime factors of 1307961388.
2, 326990347
List the prime factors of 298588013.
298588013
List the prime factors of 840802059.
3, 251, 124067
List the prime factors of 1026264435.
3, 5, 7, 9773947
What are the prime factors of 339455701?
13, 29, 67, 89, 151
What are the prime factors of 148638471?
3, 49546157
List the prime factors of 373228326.
2, 3, 541, 38327
What are the prime factors of 219734948?
2, 89, 617233
What are the prime factors of 165207046?
2, 1549, 53327
List the prime factors of 7926390275.
5, 1151, 275461
What are the prime factors of 1383311390?
2, 5, 138331139
What are the prime factors of 3496219678?
2, 7, 19, 1877669
What are the prime factors of 55197365?
5, 97, 113809
List the prime factors of 191799565.
5, 43, 892091
What are the prime factors of 458609610?
2, 3, 5, 877, 17431
What are the prime factors of 3613008937?
163, 367, 60397
What are the prime factors of 409644164?
2, 67, 197, 7759
List the prime factors of 305963837.
305963837
What are the prime factors of 487050101?
487050101
List the prime factors of 15883979.
47, 337957
What are the prime factors of 1142855983?
29, 167, 367, 643
List the prime factors of 835104344.
2, 467, 223529
List the prime factors of 917291985.
3, 5, 61152799
List the prime factors of 3807802778.
2, 13, 146453953
List the prime factors of 541354546.
2, 101, 2679973
What are the prime factors of 935730048?
2, 3, 11, 17, 83, 157
What are the prime factors of 808043879?
808043879
What are the prime factors of 73011510?
2, 3, 5, 11, 13, 31, 61
What are the prime factors of 3097474911?
3, 38240431
What are the prime factors of 874449180?
2, 3, 5, 11, 29, 97, 157
What are the prime factors of 338686438?
2, 19, 8912801
List the prime factors of 2735709502.
2, 41, 33362311
What are the prime factors of 41234158?
2, 7, 1237, 2381
What are the prime factors of 1610160469?
1610160469
What are the prime factors of 4472129880?
2, 3, 5, 367, 3761
What are the prime factors of 37043543?
31, 163, 7331
What are the prime factors of 349690109?
59, 5926951
List the prime factors of 542887413.
3, 180962471
What are the prime factors of 374315975?
5, 11, 1361149
List the prime factors of 8897761936.
2, 7, 331, 389, 617
What are the prime factors of 1294264888?
2, 7, 73, 4337
What are the prime factors of 157903648?
2, 7, 23, 30649
What are the prime factors of 216354826?
2, 281, 384973
List the prime factors of 1339881528.
2, 3, 3697, 15101
List the prime factors of 62715604.
2, 7, 31, 72253
What are the prime factors of 1594798229?
1594798229
What are the prime factors of 1338945007?
17, 557, 141403
What are the prime factors of 24495186?
2, 3, 4082531
What are the prime factors of 969992897?
2749, 352853
What are the prime factors of 20652988?
2, 23, 29, 7741
What are the prime factors of 6542627212?
2, 11, 148696073
What are the prime factors of 67422724?
2, 16855681
What are the prime factors of 150566433?
3, 17, 2952283
List the prime factors of 203011459.
7, 41, 101051
List the prime factors of 3789912120.
2, 3, 5, 31582601
What are the prime factors of 11040596?
2, 7, 19, 20753
What are the prime factors of 3874801235?
5, 173, 857, 5227
List the prime factors of 108243300.
2, 3, 5, 11, 32801
What are the prime factors of 82688771?
11, 7517161
List the prime factors of 31251064.
2, 13, 300491
What are the prime factors of 6361641